9
List the prime factors of 1988.
2, 7, 71
List the prime factors of 1247.
29, 43
List the prime factors of 65530.
2, 5, 6553
List the prime factors of 17956.
2, 67
List the prime factors of 326.
2, 163
What are the prime factors of 3550?
2, 5, 71
What are the prime factors of 17009?
73, 233
What are the prime factors of 11715?
3, 5, 11, 71
What are the prime factors of 668?
2, 167
List the prime factors of 1651.
13, 127
List the prime factors of 13384.
2, 7, 239
What are the prime factors of 10658?
2, 73
What are the prime factors of 65328?
2, 3, 1361
List the prime factors of 4750.
2, 5, 19
List the prime factors of 127490.
2, 5, 11, 19, 61
What are the prime factors of 105?
3, 5, 7
List the prime factors of 3157.
7, 11, 41
List the prime factors of 3761.
3761
List the prime factors of 22887.
3, 2543
What are the prime factors of 5175?
3, 5, 23
What are the prime factors of 11603?
41, 283
List the prime factors of 34377.
3, 7, 1637
What are the prime factors of 14154?
2, 3, 7, 337
List the prime factors of 2815.
5, 563
List the prime factors of 47144.
2, 71, 83
What are the prime factors of 9674?
2, 7, 691
What are the prime factors of 6073?
6073
What are the prime factors of 31363?
79, 397
What are the prime factors of 1681?
41
What are the prime factors of 23749?
11, 17, 127
What are the prime factors of 1958?
2, 11, 89
List the prime factors of 3570.
2, 3, 5, 7, 17
What are the prime factors of 2210?
2, 5, 13, 17
List the prime factors of 75760.
2, 5, 947
List the prime factors of 3839.
11, 349
List the prime factors of 2802.
2, 3, 467
What are the prime factors of 860?
2, 5, 43
What are the prime factors of 1387?
19, 73
What are the prime factors of 89457?
3, 29819
List the prime factors of 98719.
17, 5807
List the prime factors of 410.
2, 5, 41
List the prime factors of 1708.
2, 7, 61
List the prime factors of 3276.
2, 3, 7, 13
List the prime factors of 1507.
11, 137
List the prime factors of 584.
2, 73
List the prime factors of 1849.
43
What are the prime factors of 40?
2, 5
What are the prime factors of 16614?
2, 3, 13, 71
List the prime factors of 39484.
2, 9871
What are the prime factors of 652?
2, 163
List the prime factors of 16713.
3, 619
List the prime factors of 108263.
108263
List the prime factors of 3811.
37, 103
What are the prime factors of 11427?
3, 13, 293
What are the prime factors of 1452?
2, 3, 11
List the prime factors of 5422.
2, 2711
List the prime factors of 992.
2, 31
List the prime factors of 1277.
1277
What are the prime factors of 14254?
2, 7127
What are the prime factors of 16180?
2, 5, 809
List the prime factors of 734.
2, 367
What are the prime factors of 464?
2, 29
List the prime factors of 373.
373
What are the prime factors of 418?
2, 11, 19
List the prime factors of 631.
631
What are the prime factors of 95849?
13, 73, 101
List the prime factors of 276.
2, 3, 23
List the prime factors of 3230.
2, 5, 17, 19
List the prime factors of 201.
3, 67
List the prime factors of 1719.
3, 191
What are the prime factors of 1536?
2, 3
List the prime factors of 783.
3, 29
What are the prime factors of 5691?
3, 7, 271
List the prime factors of 1765.
5, 353
What are the prime factors of 1022?
2, 7, 73
What are the prime factors of 75028?
2, 18757
List the prime factors of 18941.
13, 31, 47
What are the prime factors of 5983?
31, 193
List the prime factors of 1428.
2, 3, 7, 17
What are the prime factors of 6190?
2, 5, 619
What are the prime factors of 12532?
2, 13, 241
List the prime factors of 73374.
2, 3, 7, 1747
What are the prime factors of 1294?
2, 647
List the prime factors of 1252.
2, 313
List the prime factors of 3061.
3061
What are the prime factors of 11095?
5, 7, 317
List the prime factors of 102555.
3, 5, 43, 53
List the prime factors of 9366.
2, 3, 7, 223
List the prime factors of 1640.
2, 5, 41
List the prime factors of 6440.
2, 5, 7, 23
List the prime factors of 62263.
19, 29, 113
List the prime factors of 4910.
2, 5, 491
What are the prime factors of 910?
2, 5, 7, 13
What are the prime factors of 1578?
2, 3, 263
What are the prime factors of 547?
547
List the prime factors of 1822.
2, 911
List the prime factors of 100270.
2, 5, 37, 271
List the prime factors of 101097.
3, 47, 239
List the prime factors of 10073.
7, 1439
What are the prime factors of 7077?
3, 7, 337
List the prime factors of 984.
2, 3, 41
List the prime factors of 12406.
2, 6203
What are the prime factors of 96736?
2, 3023
What are the prime factors of 345?
3, 5, 23
What are the prime factors of 236?
2, 59
What are the prime factors of 9052?
2, 31, 73
List the prime factors of 2629.
11, 239
What are the prime factors of 12866?
2, 7, 919
List the prime factors of 74.
2, 37
What are the prime factors of 13526?
2, 6763
List the prime factors of 8330.
2, 5, 7, 17
What are the prime factors of 190?
2, 5, 19
What are the prime factors of 4075?
5, 163
What are the prime factors of 522?
2, 3, 29
What are the prime factors of 6042?
2, 3, 19, 53
What are the prime factors of 12105?
3, 5, 269
What are the prime factors of 617?
617
What are the prime factors of 23748?
2, 3, 1979
List the prime factors of 11358.
2, 3, 631
List the prime factors of 16382.
2, 8191
List the prime factors of 2151.
3, 239
List the prime factors of 3752.
2, 7, 67
List the prime factors of 9746.
2, 11, 443
What are the prime factors of 48780?
2, 3, 5, 271
List the prime factors of 81745.
5, 16349
What are the prime factors of 2071?
19, 109
List the prime factors of 111156.
2, 3, 59, 157
What are the prime factors of 134847?
3, 14983
List the prime factors of 2507.
23, 109
What are the prime factors of 16552?
2, 2069
List the prime factors of 45879.
3, 41, 373
List the prime factors of 1072.
2, 67
What are the prime factors of 64900?
2, 5, 11, 59
What are the prime factors of 2682?
2, 3, 149
What are the prime factors of 2208?
2, 3, 23
What are the prime factors of 3758?
2, 1879
What are the prime factors of 951?
3, 317
What are the prime factors of 7741?
7741
List the prime factors of 111441.
3, 11, 307
List the prime factors of 48157.
48157
List the prime factors of 4763.
11, 433
What are the prime factors of 1265?
5, 11, 23
What are the prime factors of 2936?
2, 367
What are the prime factors of 179?
179
What are the prime factors of 2662?
2, 11
What are the prime factors of 12342?
2, 3, 11, 17
What are the prime factors of 378?
2, 3, 7
List the prime factors of 1149.
3, 383
What are the prime factors of 22672?
2, 13, 109
What are the prime factors of 772?
2, 193
What are the prime factors of 8475?
3, 5, 113
List the prime factors of 956.
2, 239
What are the prime factors of 5364?
2, 3, 149
List the prime factors of 12965.
5, 2593
What are the prime factors of 4916?
2, 1229
List the prime factors of 45655.
5, 23, 397
List the prime factors of 25219.
25219
What are the prime factors of 5174?
2, 13, 199
What are the prime factors of 58478?
2, 7, 4177
What are the prime factors of 18572?
2, 4643
List the prime factors of 1298.
2, 11, 59
What are the prime factors of 59722?
2, 13, 2297
What are the prime factors of 19188?
2, 3, 13, 41
List the prime factors of 4063.
17, 239
What are the prime factors of 30071?
30071
What are the prime factors of 989?
23, 43
List the prime factors of 20415.
3, 5, 1361
What are the prime factors of 619?
619
List the prime factors of 4348.
2, 1087
What are the prime factors of 8476?
2, 13, 163
List the prime factors of 21462.
2, 3, 7, 73
What are the prime factors of 18601?
11, 19, 89
What are the prime factors of 10685?
5, 2137
What are the prime factors of 9880?
2, 5, 13, 19
What are the prime factors of 7520?
2, 5, 47
What are the prime factors of 1031?
1031
What are the prime factors of 12306?
2, 3, 7, 293
List the prime factors of 2424.
2, 3, 101
What are the prime factors of 22246?
2, 7, 227
List the prime factors of 36954.
2, 3, 2053
List the prime factors of 391.
17, 23
List the prime factors of 514.
2, 257
What are the prime factors of 127991?
149, 859
List the prime factors of 11226.
2, 3, 1871
What are the prime factors of 12944?
2, 809
List the prime factors of 258.
2, 3, 43
List the prime factors of 6214.
2, 13, 239
List the prime factors of 2260.
2, 5, 113
List the prime factors of 594.
2, 3, 11
List the prime factors of 761.
76